{"id":7093,"date":"2020-03-31T13:55:31","date_gmt":"2020-03-31T17:55:31","guid":{"rendered":"http:\/\/www.ea.aw\/catalog\/?page_id=7093"},"modified":"2020-05-19T14:10:08","modified_gmt":"2020-05-19T18:10:08","slug":"brincamos-primer-grado-tema-3","status":"publish","type":"page","link":"https:\/\/ea.aw\/catalog\/brincamos\/brincamos-primer-grado-tema-3\/","title":{"rendered":"Brincamos &#8211; Primer grado &#8211; Tema 3"},"content":{"rendered":"<table class=\"layout centered\" style=\"width: 100%;\" width=\"100%\">\n<tbody>\n<tr>\n<td style=\"width: 25%;\" align=\"center\" width=\"25%\"><div class=\"_df_thumb \" id=\"df_7300\"  wpoptions=\"true\" thumb=\"https:\/\/ea.aw\/catalog\/wp-content\/uploads\/2020\/04\/image-manual-tema-3.png\" >Brincamos &#8211; primero grado &#8211; tema 3 &#8211; Manual<\/div><script data-cfasync=\"false\">var option_df_7300 = {\"outline\":[],\"forceFit\":\"true\",\"autoEnableOutline\":\"false\",\"autoEnableThumbnail\":\"false\",\"overwritePDFOutline\":\"false\",\"direction\":\"1\",\"pageMode\":\"0\",\"source\":\"https:\\\/\\\/ea.aw\\\/catalog\\\/wp-content\\\/uploads\\\/2020\\\/04\\\/TEMA-3.pdf\",\"wpOptions\":\"true\"}; if(window.DFLIP && DFLIP.parseBooks){DFLIP.parseBooks();}<\/script><\/p>\n<h3><a href=\"https:\/\/ea.aw\/catalog\/wp-content\/uploads\/2020\/04\/TEMA-3.pdf\" target=\"_blank\" rel=\"noopener noreferrer\">Manual\u00a0<\/a><\/h3>\n<\/td>\n<td style=\"width: 25%;\" align=\"center\" width=\"25%\"><div class=\"_df_thumb \" id=\"df_7299\"  wpoptions=\"true\" thumb=\"https:\/\/ea.aw\/catalog\/wp-content\/uploads\/2020\/04\/image-hojas-de-actividad-tema-3.png\" >Brincamos &#8211; primero grado &#8211; tema 3 &#8211; Hoja de actividad<\/div><script data-cfasync=\"false\">var option_df_7299 = {\"outline\":[],\"forceFit\":\"true\",\"autoEnableOutline\":\"false\",\"autoEnableThumbnail\":\"false\",\"overwritePDFOutline\":\"false\",\"direction\":\"1\",\"pageMode\":\"0\",\"source\":\"https:\\\/\\\/ea.aw\\\/catalog\\\/wp-content\\\/uploads\\\/2020\\\/04\\\/Hojas-de-actividad-Tema-3.pdf\",\"wpOptions\":\"true\"}; if(window.DFLIP && DFLIP.parseBooks){DFLIP.parseBooks();}<\/script><\/p>\n<h3><a href=\"https:\/\/ea.aw\/catalog\/wp-content\/uploads\/2020\/04\/Hojas-de-actividad-Tema-3.pdf\" target=\"_blank\" rel=\"noopener noreferrer\">Hojas de actividad<\/a><\/h3>\n<h3><\/h3>\n<\/td>\n<td style=\"width: 25%;\" align=\"center\" width=\"25%\"><div class=\"_df_thumb \" id=\"df_7115\"  wpoptions=\"true\" thumb=\"https:\/\/ea.aw\/catalog\/wp-content\/uploads\/2020\/03\/image-tableros-tema-3.png\" >Brincamos &#8211; Primer grado &#8211; Tema 3 &#8211; Tableros<\/div><script data-cfasync=\"false\">var option_df_7115 = {\"outline\":[],\"forceFit\":\"true\",\"autoEnableOutline\":\"false\",\"autoEnableThumbnail\":\"false\",\"overwritePDFOutline\":\"false\",\"direction\":\"1\",\"pageMode\":\"0\",\"source\":\"https:\\\/\\\/ea.aw\\\/catalog\\\/wp-content\\\/uploads\\\/2020\\\/03\\\/Tableros-Tema-3.pdf\",\"wpOptions\":\"true\"}; if(window.DFLIP && DFLIP.parseBooks){DFLIP.parseBooks();}<\/script><\/p>\n<h3><a href=\"https:\/\/ea.aw\/catalog\/wp-content\/uploads\/2020\/03\/Tableros-Tema-3.pdf\" target=\"_blank\" rel=\"noopener noreferrer\">Tableros<\/a><\/h3>\n<\/td>\n<\/tr>\n<\/tbody>\n<\/table>\n<table class=\"layout centered\" style=\"width: 100%;\" width=\"100%\">\n<tbody>\n<tr>\n<td style=\"width: 33.1%;\" align=\"center\"><div class=\"_df_thumb \" id=\"df_7116\"  wpoptions=\"true\" thumb=\"https:\/\/ea.aw\/catalog\/wp-content\/uploads\/2020\/03\/image-tarjetas-medianas-tema-3.png\" >Brincamos &#8211; Primer grado &#8211; Tema 3 &#8211; Tarjetas medianas<\/div><script data-cfasync=\"false\">var option_df_7116 = {\"outline\":[],\"forceFit\":\"true\",\"autoEnableOutline\":\"false\",\"autoEnableThumbnail\":\"false\",\"overwritePDFOutline\":\"false\",\"direction\":\"1\",\"pageMode\":\"0\",\"source\":\"https:\\\/\\\/ea.aw\\\/catalog\\\/wp-content\\\/uploads\\\/2020\\\/03\\\/Tarjetas-medianas-Tema-3.pdf\",\"wpOptions\":\"true\"}; if(window.DFLIP && DFLIP.parseBooks){DFLIP.parseBooks();}<\/script><\/p>\n<h3><a href=\"https:\/\/ea.aw\/catalog\/wp-content\/uploads\/2020\/03\/Tarjetas-medianas-Tema-3.pdf\" target=\"_blank\" rel=\"noopener noreferrer\">Tarjetas medianas<\/a><\/h3>\n<\/td>\n<td style=\"width: 33.1%;\" align=\"center\"><div class=\"_df_thumb \" id=\"df_7117\"  wpoptions=\"true\" thumb=\"https:\/\/ea.aw\/catalog\/wp-content\/uploads\/2020\/03\/image-tarjetas-pequenas-tema-3.png\" >Brincamos &#8211; Primer grado &#8211; Tema 3 &#8211; Tarjetas pequenas<\/div><script data-cfasync=\"false\">var option_df_7117 = {\"outline\":[],\"forceFit\":\"true\",\"autoEnableOutline\":\"false\",\"autoEnableThumbnail\":\"false\",\"overwritePDFOutline\":\"false\",\"direction\":\"1\",\"pageMode\":\"0\",\"source\":\"https:\\\/\\\/ea.aw\\\/catalog\\\/wp-content\\\/uploads\\\/2020\\\/03\\\/Tarjetas-pegue\\u00f1as-tema-3-.pdf\",\"wpOptions\":\"true\"}; if(window.DFLIP && DFLIP.parseBooks){DFLIP.parseBooks();}<\/script><\/p>\n<h3><a href=\"https:\/\/ea.aw\/catalog\/wp-content\/uploads\/2020\/03\/Tarjetas-pegue\u00f1as-tema-3-.pdf\" target=\"_blank\" rel=\"noopener noreferrer\">Tarjetas peque\u00f1as<\/a><\/h3>\n<\/td>\n<td style=\"width: 33.1%;\" align=\"center\">\n<h3 style=\"text-align: left;\"><strong><span style=\"font-family: verdana,geneva,sans-serif; font-size: 12pt;\"><a href=\"https:\/\/ea.aw\/catalog\/wp-content\/uploads\/2020\/03\/Tema-3-Canci\u00f3n-1-Hocky-Pocky.mp4\">Cancion 1 &#8211; Hocky Pocky\u00a0<\/a><\/span><\/strong><\/h3>\n<p style=\"text-align: left;\"><strong><span style=\"font-family: verdana,geneva,sans-serif; font-size: 12pt;\"><a href=\"https:\/\/ea.aw\/catalog\/wp-content\/uploads\/2020\/03\/Tema-3-Canci\u00f3n-2-El-rat\u00f3n-P\u00e9rez.mp4\">Cancion 2 &#8211; El rat\u00f3n P\u00e9rez\u00a0<\/a><\/span><\/strong><\/p>\n<p style=\"text-align: left;\"><strong><span style=\"font-family: verdana,geneva,sans-serif; font-size: 12pt;\"><a href=\"https:\/\/ea.aw\/catalog\/wp-content\/uploads\/2020\/03\/Tema-3-Canci\u00f3n-3-Cabeza-hombro-rodilla-y-pie-con-letra.mp4\">Cancion 3 &#8211; Cabeza, hombro, rodilla y pie\u00a0<\/a><\/span><\/strong><\/p>\n<p style=\"text-align: left;\"><a href=\"https:\/\/ea.aw\/catalog\/wp-content\/uploads\/2020\/05\/Tema-3-Storia-Se-me-cayo-un-diente.mp3\"><strong><span style=\"font-size: 12pt;\"><span style=\"font-family: verdana,geneva,sans-serif;\">Cuento 1 &#8211; \u00a1Ay, se me cay\u00f3 un diente!<\/span><\/span><\/strong><\/a><\/p>\n<p style=\"text-align: left;\"><strong><span style=\"font-size: 12pt;\"><span style=\"font-family: verdana,geneva,sans-serif;\">Cuento 2 &#8211; \u00a1Ay, Luis!\u00a0<\/span><\/span><\/strong><\/p>\n<p style=\"text-align: left;\"><strong><span style=\"font-size: 12pt;\"><a href=\"https:\/\/ea.aw\/catalog\/wp-content\/uploads\/2020\/03\/Tema-3-Pelicula-1-La-pinta.mp4\"><span style=\"font-family: verdana,geneva,sans-serif;\">Pelicula 1 &#8211; La Pinta\u00a0<\/span><\/a><\/span><\/strong><\/p>\n<p style=\"text-align: left;\"><strong><span style=\"font-family: verdana,geneva,sans-serif; font-size: 12pt;\"><a href=\"https:\/\/ea.aw\/catalog\/wp-content\/uploads\/2020\/03\/Tema-3-Pelicula-2-Chavos-mas-Sanos.mp4\">Pelicula 2 &#8211; Chavos mas sanos<\/a><\/span><\/strong><\/p>\n<\/td>\n<\/tr>\n<\/tbody>\n<\/table>\n<p>&nbsp;<\/p>\n<p>&nbsp;<\/p>\n","protected":false},"excerpt":{"rendered":"<p>Manual\u00a0 Hojas de actividad Tableros Tarjetas medianas Tarjetas peque\u00f1as Cancion 1 &#8211; Hocky Pocky\u00a0 Cancion 2 &#8211; El rat\u00f3n P\u00e9rez\u00a0 Cancion 3 &#8211; Cabeza, hombro, rodilla y pie\u00a0 Cuento 1 &#8211; \u00a1Ay, se me cay\u00f3 un diente! Cuento 2 &#8211; \u00a1Ay, [&hellip;]<\/p>\n","protected":false},"author":242,"featured_media":119,"parent":7024,"menu_order":0,"comment_status":"closed","ping_status":"closed","template":"page-mainitem.php","meta":{"footnotes":""},"categories":[],"tags":[],"class_list":["post-7093","page","type-page","status-publish","has-post-thumbnail","hentry"],"_links":{"self":[{"href":"https:\/\/ea.aw\/catalog\/wp-json\/wp\/v2\/pages\/7093","targetHints":{"allow":["GET"]}}],"collection":[{"href":"https:\/\/ea.aw\/catalog\/wp-json\/wp\/v2\/pages"}],"about":[{"href":"https:\/\/ea.aw\/catalog\/wp-json\/wp\/v2\/types\/page"}],"author":[{"embeddable":true,"href":"https:\/\/ea.aw\/catalog\/wp-json\/wp\/v2\/users\/242"}],"replies":[{"embeddable":true,"href":"https:\/\/ea.aw\/catalog\/wp-json\/wp\/v2\/comments?post=7093"}],"version-history":[{"count":6,"href":"https:\/\/ea.aw\/catalog\/wp-json\/wp\/v2\/pages\/7093\/revisions"}],"predecessor-version":[{"id":7364,"href":"https:\/\/ea.aw\/catalog\/wp-json\/wp\/v2\/pages\/7093\/revisions\/7364"}],"up":[{"embeddable":true,"href":"https:\/\/ea.aw\/catalog\/wp-json\/wp\/v2\/pages\/7024"}],"wp:featuredmedia":[{"embeddable":true,"href":"https:\/\/ea.aw\/catalog\/wp-json\/wp\/v2\/media\/119"}],"wp:attachment":[{"href":"https:\/\/ea.aw\/catalog\/wp-json\/wp\/v2\/media?parent=7093"}],"wp:term":[{"taxonomy":"category","embeddable":true,"href":"https:\/\/ea.aw\/catalog\/wp-json\/wp\/v2\/categories?post=7093"},{"taxonomy":"post_tag","embeddable":true,"href":"https:\/\/ea.aw\/catalog\/wp-json\/wp\/v2\/tags?post=7093"}],"curies":[{"name":"wp","href":"https:\/\/api.w.org\/{rel}","templated":true}]}}