{"id":7024,"date":"2019-12-01T11:00:26","date_gmt":"2019-12-01T15:00:26","guid":{"rendered":"http:\/\/www.ea.aw\/catalog\/?page_id=7024"},"modified":"2022-12-14T07:02:09","modified_gmt":"2022-12-14T11:02:09","slug":"brincamos","status":"publish","type":"page","link":"https:\/\/ea.aw\/catalog\/brincamos\/","title":{"rendered":"Brincamos"},"content":{"rendered":"<p><em>Brincamos <\/em>ta un metodo di Spa\u00f1o pa klasnan 1 y 2 di scol basico.<\/p>\n<p><em>Brincamos<\/em> ta un coleccion di les na Spa\u00f1o, parti den 10 tema (5 tema pa a\u00f1a) pa sostene e lesnan di familiarisacion di Spa\u00f1o. E temanan cu nan ta ofrece ta forma parti di e bida di tur dia di e mucha. Algun di e temanan ta <em>Vivir juntos trabajar juntos, Cuido de las mascotas, Vivir saludable.<\/em>Ta duna hopi atencion na ense\u00f1ansa di vocabulario di Spa\u00f1o. <em>Brincamos<\/em> ta ofrece un variacion di tarea cu ta activa e mucha pa e cera conoci cu e idioma Spa\u00f1o na un forma ludico. Ta tene debido cuenta cu mayoria di mucha cu no ta domina e idioma. P\u2019esey ta haci uzo di material di sosten manera plachi, ilustracion y flashcards.<\/p>\n<table class=\"layout centered\" style=\"width: 100%;\" width=\"100%\">\n<tbody>\n<tr>\n<td style=\"width: 25%;\" align=\"center\" width=\"25%\"><div class=\"_df_thumb \" id=\"df_7060\"  wpoptions=\"true\" thumb=\"https:\/\/ea.aw\/catalog\/wp-content\/uploads\/2020\/03\/image-Manual-general.png\" >Brincamos &#8211; Manual General<\/div><script data-cfasync=\"false\">var option_df_7060 = {\"outline\":[],\"forceFit\":\"true\",\"autoEnableOutline\":\"false\",\"autoEnableThumbnail\":\"false\",\"overwritePDFOutline\":\"false\",\"direction\":\"1\",\"pageMode\":\"0\",\"source\":\"https:\\\/\\\/ea.aw\\\/catalog\\\/wp-content\\\/uploads\\\/2020\\\/04\\\/Algemene-handleiding-1.pdf\",\"wpOptions\":\"true\"}; if(window.DFLIP && DFLIP.parseBooks){DFLIP.parseBooks();}<\/script><\/p>\n<h3><a href=\"https:\/\/ea.aw\/catalog\/wp-content\/uploads\/2020\/04\/Algemene-handleiding-1.pdf\">Manual General<\/a><\/h3>\n<\/td>\n<td style=\"width: 25%;\" align=\"center\" width=\"25%\"><div class=\"_df_thumb \" id=\"df_7065\"  wpoptions=\"true\" thumb=\"https:\/\/ea.aw\/catalog\/wp-content\/uploads\/2020\/03\/image-manual-klein.png\" >Brincamos &#8211; Tema 1 &#8211; Preview<\/div><script data-cfasync=\"false\">var option_df_7065 = {\"outline\":[],\"forceFit\":\"true\",\"autoEnableOutline\":\"false\",\"autoEnableThumbnail\":\"false\",\"overwritePDFOutline\":\"false\",\"direction\":\"1\",\"pageMode\":\"0\",\"source\":\"https:\\\/\\\/ea.aw\\\/catalog\\\/wp-content\\\/uploads\\\/2020\\\/03\\\/Tema-1-preview.pdf\",\"wpOptions\":\"true\"}; if(window.DFLIP && DFLIP.parseBooks){DFLIP.parseBooks();}<\/script><\/p>\n<h3>Manual Tema 1 &#8211; Preview<\/h3>\n<\/td>\n<\/tr>\n<\/tbody>\n<\/table>\n<p><a class=\"button password\" href=\"https:\/\/ea.aw\/catalog\/brincamos\/brincamos-primer-grado\/\">A\u00d1A 1<\/a><br \/>\n<a class=\"button password\" href=\"https:\/\/ea.aw\/catalog\/brincamos\/brincamos-segundo-grado\/\">A\u00d1A 2<\/a><\/p>\n","protected":false},"excerpt":{"rendered":"<p>Brincamos ta un metodo di Spa\u00f1o pa klasnan 1 y 2 di scol basico. Brincamos ta un coleccion di les na Spa\u00f1o, parti den 10 tema (5 tema pa a\u00f1a) pa sostene e lesnan di familiarisacion di Spa\u00f1o. E temanan cu [&hellip;]<\/p>\n","protected":false},"author":242,"featured_media":7025,"parent":0,"menu_order":0,"comment_status":"closed","ping_status":"closed","template":"page-mainitem.php","meta":{"footnotes":""},"categories":[29,42],"tags":[],"class_list":["post-7024","page","type-page","status-publish","has-post-thumbnail","hentry","category-ensenansa-basico-special","category-metodo-di-idioma-spano-ensenansa-basico-special"],"_links":{"self":[{"href":"https:\/\/ea.aw\/catalog\/wp-json\/wp\/v2\/pages\/7024","targetHints":{"allow":["GET"]}}],"collection":[{"href":"https:\/\/ea.aw\/catalog\/wp-json\/wp\/v2\/pages"}],"about":[{"href":"https:\/\/ea.aw\/catalog\/wp-json\/wp\/v2\/types\/page"}],"author":[{"embeddable":true,"href":"https:\/\/ea.aw\/catalog\/wp-json\/wp\/v2\/users\/242"}],"replies":[{"embeddable":true,"href":"https:\/\/ea.aw\/catalog\/wp-json\/wp\/v2\/comments?post=7024"}],"version-history":[{"count":9,"href":"https:\/\/ea.aw\/catalog\/wp-json\/wp\/v2\/pages\/7024\/revisions"}],"predecessor-version":[{"id":7344,"href":"https:\/\/ea.aw\/catalog\/wp-json\/wp\/v2\/pages\/7024\/revisions\/7344"}],"wp:featuredmedia":[{"embeddable":true,"href":"https:\/\/ea.aw\/catalog\/wp-json\/wp\/v2\/media\/7025"}],"wp:attachment":[{"href":"https:\/\/ea.aw\/catalog\/wp-json\/wp\/v2\/media?parent=7024"}],"wp:term":[{"taxonomy":"category","embeddable":true,"href":"https:\/\/ea.aw\/catalog\/wp-json\/wp\/v2\/categories?post=7024"},{"taxonomy":"post_tag","embeddable":true,"href":"https:\/\/ea.aw\/catalog\/wp-json\/wp\/v2\/tags?post=7024"}],"curies":[{"name":"wp","href":"https:\/\/api.w.org\/{rel}","templated":true}]}}