{"id":64,"date":"2018-11-22T00:02:43","date_gmt":"2018-11-22T04:02:43","guid":{"rendered":"http:\/\/www.ea.aw\/catalog\/?page_id=64"},"modified":"2019-10-29T11:45:50","modified_gmt":"2019-10-29T15:45:50","slug":"tocante","status":"publish","type":"page","link":"https:\/\/ea.aw\/catalog\/tocante\/","title":{"rendered":"Tocante"},"content":{"rendered":"<h3>Seccion Desaroyo di Curiculo<\/h3>\n<p>Seccion Desaroyo di Curiculo di Departamento di Ense\u00f1ansa ta encarga cu desaroyo y revision di programa di ense\u00f1ansa pa Aruba. Cu programa di ense\u00f1ansa pa Aruba ta referi na material educativo, pero tambe na e metanan nucleo of e terminonan final pa tur tipo di ense\u00f1ansa y cu tin un base legal. Unda cu ta necesario, ta desaroya material educativo cu ta tene cuenta cu nos contexto specifico y cu e metanan nucleo of e terminonan final.<\/p>\n<p>A lanta e seccion na 1986 primeramente cu e meta pa percura pa material cu ta tene cuenta cu e mucha cu ta biba na Aruba. Cu tempo e seccion a crece y a percura tambe pa e metanan nucleo pa ense\u00f1ansa primario y pa e terminonan final pa ense\u00f1ansa avansa y profesional den luz di innovacion den ense\u00f1ansa. E seccion a desaroya programa y material educativo pa ense\u00f1ansa basico, Ense\u00f1ansa Profesional Intermedio (EPB), ense\u00f1ansa secundario general (mavo, havo y vwo) y durante e ultimo a\u00f1anan pa e proyecto Scol Multilingual. A desaroya diferente buki di tarea cu ta forma parti di e metodonan pa e proyecto Scol Multilingual. E bukinan di tarea (solamente di e metodonanan pa scol basico) ta na benta y por bestel esakinan na pentaaruba@yahoo.com<\/p>\n<p>Ademas e seccion ta brinda sosten na directiva di scol\/na scol den scogemento di un metodo adecua como tambe den screening di material cu maestro\/docente a desaroya. Seccion Desaroyo di Curiculo por asisti e interesadonan den ense\u00f1ansa cu diferente tayer riba e tereno di skirbimento di storia y texto, traduccion y adaptacion di texto of metodo existente. Por menciona tambe sosten riba e tereno di programacion, trahamento di \u2018Programmering van Leerstof en Toetsing\u2019 (P.L.T.\u2019s).<\/p>\n<p>Pa por realisa e tareanan menciona, e seccion ta traha den cooperacion estrecho cu directiva di scol, scol, otro departamentonan di gobierno como tambe cu instancianan educativo internacional.<\/p>\n<h3>Proyecto Idioma den Ense\u00f1ansa<\/h3>\n<p>Proyecto Idioma den Ense\u00f1ansa ta traha riba standarisacion y cultivacion di Papiamento pa sostene introduccion di Papiamento como idioma di instruccion y como materia den ense\u00f1ansa. Standarisacion, esta fihamento di regla pa Papiamento, ta importante pa un miho comunicacion y uniformidad. Unabes cu a fiha e reglanan, ta importante tambe pa aplica nan. Pa e motibo ey Proyecto Idioma den Ense\u00f1ansa a publica material di referencia pa ortografia (buki y spelling checker) y gramatica. Esaki a sosode pa gran parti cu financiamento di FDA.<\/p>\n<p>E gruponan meta di e material di referencia ta entre otro ense\u00f1ansa, departamento di gobierno, agencia di publicidad y prensa.<\/p>\n<p>Pa conscientisa publico en general y pa henter comunidad tambe por aplica e reglanan di Papiamento, a tene un campa\u00f1a di informacion y di conscientisacion den e medionan di comunicacion. Den cuadro di e campa\u00f1a a publica un documentario tocante Papiamento y a distribui varios otro material di promocion.<\/p>\n<p>E webpage aki ta contene un lista amplio di e edicionnan di tanto Seccion Desaroyo di Curiculo como di Proyecto Idioma den Ense\u00f1ansa. E webpage ta un refleho di e esfuersonan cu a desplega den transcurso di e ultimo tres decadanan. Ta e deseo pa por sigui conta cu sosten di tur esnan concerni cu produccion di material na bienestar di nos ense\u00f1ansa.<\/p>\n","protected":false},"excerpt":{"rendered":"<p>Seccion Desaroyo di Curiculo Seccion Desaroyo di Curiculo di Departamento di Ense\u00f1ansa ta encarga cu desaroyo y revision di programa di ense\u00f1ansa pa Aruba. Cu programa di ense\u00f1ansa pa Aruba ta referi na material educativo, pero tambe na e metanan nucleo [&hellip;]<\/p>\n","protected":false},"author":261,"featured_media":119,"parent":0,"menu_order":0,"comment_status":"closed","ping_status":"closed","template":"","meta":{"footnotes":""},"categories":[],"tags":[],"class_list":["post-64","page","type-page","status-publish","has-post-thumbnail","hentry"],"_links":{"self":[{"href":"https:\/\/ea.aw\/catalog\/wp-json\/wp\/v2\/pages\/64","targetHints":{"allow":["GET"]}}],"collection":[{"href":"https:\/\/ea.aw\/catalog\/wp-json\/wp\/v2\/pages"}],"about":[{"href":"https:\/\/ea.aw\/catalog\/wp-json\/wp\/v2\/types\/page"}],"author":[{"embeddable":true,"href":"https:\/\/ea.aw\/catalog\/wp-json\/wp\/v2\/users\/261"}],"replies":[{"embeddable":true,"href":"https:\/\/ea.aw\/catalog\/wp-json\/wp\/v2\/comments?post=64"}],"version-history":[{"count":12,"href":"https:\/\/ea.aw\/catalog\/wp-json\/wp\/v2\/pages\/64\/revisions"}],"predecessor-version":[{"id":5136,"href":"https:\/\/ea.aw\/catalog\/wp-json\/wp\/v2\/pages\/64\/revisions\/5136"}],"wp:featuredmedia":[{"embeddable":true,"href":"https:\/\/ea.aw\/catalog\/wp-json\/wp\/v2\/media\/119"}],"wp:attachment":[{"href":"https:\/\/ea.aw\/catalog\/wp-json\/wp\/v2\/media?parent=64"}],"wp:term":[{"taxonomy":"category","embeddable":true,"href":"https:\/\/ea.aw\/catalog\/wp-json\/wp\/v2\/categories?post=64"},{"taxonomy":"post_tag","embeddable":true,"href":"https:\/\/ea.aw\/catalog\/wp-json\/wp\/v2\/tags?post=64"}],"curies":[{"name":"wp","href":"https:\/\/api.w.org\/{rel}","templated":true}]}}